f a(h)?
2, 5
Suppose -7*a + 2*a - 64 = -b, 0 = -b + 3*a + 62. Let u = -38 + b. What are the prime factors of u?
3, 7
Let b = -692 - -1559. List the prime factors of b.
3, 17
Suppose -3*h + 5*y + 3475 = 0, -3*h - 4*y + 3511 = -0*y. Suppose h - 377 = 5*r - 4*q, -655 = -4*r - 5*q. What are the prime factors of r?
2, 5
Suppose 27*p = 42818 + 39289. What are the prime factors of p?
3041
Suppose 4*t + 16 = 0, -3*n + 2*t - 11 = t. Let d be ((-2)/n)/(18/(-45)). What are the prime factors of d - 0/(-5) - -14?
13
Let u(n) = n**3 - 11*n**2 + n - 7. Let s be u(11). Suppose 477 = 3*w - 5*v, 819 = 5*w + s*v - 13. What are the prime factors of w?
2, 41
Suppose 3*h - 5*k = -9, -4*k + 4 = -5*h + 2. Suppose 0 + 42 = h*i. List the prime factors of i.
3, 7
Let x(b) = 5*b**2 - 14*b - 71. List the prime factors of x(14).
23, 31
Let k = 1 - -1. Let t = -199 + 237. Suppose 2*n - w - 38 = k*w, -2*w = 2*n - t. What are the prime factors of n?
19
Let n(b) = 3*b**2 - 9*b + 38. What are the prime factors of n(9)?
2, 5
Let j = -537 - -2557. What are the prime factors of j?
2, 5, 101
What are the prime factors of -8*1/2 + 769?
3, 5, 17
Let n be ((-8)/(-5))/(20/50). Let o be 40/(-6)*18/(-4). What are the prime factors of (18/n)/(o/200)?
2, 3, 5
Let r(n) = -9*n - 1. Suppose h - 12 = -0. Let i be (-6)/4*h/9. What are the prime factors of r(i)?
17
Suppose 0 = 2*b + 2*b + 12. What are the prime factors of 90/(-3 - -2 - b)?
3, 5
Let i(y) = y**2 + y. Let b(j) = -36*j**2 - 16*j - 6. Let p(k) = -b(k) - 10*i(k). List the prime factors of p(-3).
2, 3, 37
Suppose 2*r + 32 = 4*r - 4*k, -4*k - 44 = -4*r. Suppose d - 3*w = -r*w + 62, -2*d = -2*w - 116. Let v = d + 19. List the prime factors of v.
2, 3, 13
Suppose 0 = -2*z + 7*z - 170. Suppose 3*q + 47 = -5*x + 163, -q - 4*x + z = 0. List the prime factors of q.
2, 3, 7
List the prime factors of (-11590)/(-22) - (-28)/154.
17, 31
Suppose -g + 3*u = -428 - 413, 3*g - 5*u = 2503. List the prime factors of g.
2, 7, 59
Suppose 2*y = -4*s - 70, 5*y - 15 + 40 = 0. What are the prime factors of ((-6)/4)/(3/(-6)) - s?
2, 3
Let v = 12 - 10. Suppose 4*q - 11 - 5 = 2*w, v*w + 2*q = 14. Suppose 4 = -2*s, i + 4*s + w = -2. List the prime factors of i.
2
Let x = -587 - -1228. List the prime factors of x.
641
Suppose -5*u + 0*u = 2*r - 25, 5*u + r = 20. Let v(h) be the third derivative of 3*h**4/8 + 2*h**3/3 + 6*h**2. What are the prime factors of v(u)?
31
Suppose 0 = 3*d + d - 16, 4*y = 3*d + 8. What are the prime factors of y?
5
Let w(l) = l + 13. Let i be w(-17). List the prime factors of (-4 - i - -47)*1.
47
Let f be ((-1)/(-3))/(1/(-9)). List the prime factors of (-213)/(4 - (f + 10)).
71
Let a be ((-3)/(-2))/(27/(-72)). Let d be (-3 - a)/(0 + 1). What are the prime factors of 19 - (d + -4 - 1)?
23
Suppose v = -2*g + 3816, -4*g - 17*v + 7604 = -22*v. What are the prime factors of g?
2, 953
Let p = -4865 + 6970. List the prime factors of p.
5, 421
Let f(y) = -6*y**2 - 10*y - 2. Let c(z) = 5*z**2 + 9*z + 1. Let v(d) = -7*c(d) - 6*f(d). List the prime factors of v(-5).
3, 5
Suppose 5*s + 93 = 2*r, 2*r - 240 = -3*r + 5*s. Let g = r + -36. List the prime factors of g.
13
Let j = 90 + -118. Let u be -3 + 2 + (0 - 0). Let z = u - j. What are the prime factors of z?
3
Let h(q) = q**2 - 2*q - 9. Let t be h(-5). Suppose n + 2*m = 6, 0 = -m + 3*m - 2. Suppose 4*o - 40 = 2*a, -6*o + t = -4*o - n*a. List the prime factors of o.
3
Suppose 7*n = 5*n - 3*s - 111, -3*n - 174 = -3*s. Let c = 246 + n. List the prime factors of c.
3, 7
Let o = -9 - -184. List the prime factors of o.
5, 7
Let a(h) = -3*h - 1. Let v be a(-1). List the prime factors of (-13)/(((-30)/20)/(v*6)).
2, 13
Let l(v) = v**3 + 37*v**2 - 4 - 17*v**2 - 24*v**2. List the prime factors of l(7).
11, 13
Suppose 0 = -3*g + 5*g - 60. Let l be (-642)/g - 2/(-5). List the prime factors of 22*(l/6)/(-7).
11
Suppose 0 = -2*r - 3*j - 32, -5*j + j - 73 = 5*r. Let z = -8 - r. Suppose -z*l = -l - 8. What are the prime factors of l?
2
Let y be (12/4 - 4)*-3. Let t(s) = 22*s - 6. List the prime factors of t(y).
2, 3, 5
Let w(u) = 6*u**3 + 8*u**2 + 4*u - 71. What are the prime factors of w(5)?
29, 31
Let c(u) = 6*u + u**2 + 0*u + 2*u - 17. Let m be c(-12). Let v = m - 20. List the prime factors of v.
11
Let r = -422 + 745. List the prime factors of r.
17, 19
Let s(a) = 3*a + 162. List the prime factors of s(8).
2, 3, 31
Suppose 2*m + 2 = 0, 3*h - 275 = -0*m + 2*m. Let r = -75 + h. What are the prime factors of r?
2
Suppose -5*d = k - 413, 67*k - 69*k = -3*d + 253. List the prime factors of d.
83
Suppose -5*i = -u - 7, -2*i + 0 + 19 = 5*u. Suppose -j - j = 6, 4*t = i*j + 150. Suppose 5*q = 9*q - t. List the prime factors of q.
3
List the prime factors of 37 + 3716 - (-1 - -1) - -3.
2, 3, 313
Let u(z) = -z**3 - 25*z**2 - 29*z + 11. What are the prime factors of u(-24)?
131
Let r(m) be the second derivative of -3*m**5/20 - m**4/6 - m**3/2 - m**2 - 4*m + 1. Let g be (-2)/8 - 12/16. What are the prime factors of r(g)?
2
Suppose -3*p + 4*p = -2*k + 398, 784 = 4*k + 5*p. List the prime factors of k.
3, 67
Suppose 4*g + 12 = -3*p, -5*p = g - 0*p - 14. What are the prime factors of (0 + g)/(-3*(-2)/(-123))?
3, 41
Let r(s) = 6*s - 9. Let l(c) = -38*c + 52. Let f(n) = -19*n + 26. Let x(v) = -7*f(v) + 3*l(v). Let j(w) = -17*r(w) + 6*x(w). List the prime factors of j(4).
3, 5
Suppose 20 = 5*g - u, 22 = 2*g - 4*u - 4. Suppose 0 = -5*f + 3*v + 27, g = 4*f - 5*v - 29. Suppose f*j - 42 = -0. List the prime factors of j.
2, 7
Let n be 4/(3 + 7/(-2)). Let i be (n/12)/((-2)/21). Let s = i - 3. List the prime factors of s.
2
Suppose 3*c + 4*r = -0*c + 1928, 3*c - 5*r - 1910 = 0. What are the prime factors of c?
2, 5
Let j = 4774 + -1652. What are the prime factors of j?
2, 7, 223
Let p(s) = -s**2 + 6*s + 20. Let k be p(-12). Let o = -101 - k. What are the prime factors of o?
5, 19
Suppose 0 = 23*q - 23989 - 12650. List the prime factors of q.
3, 59
Let s be 4/(-2) - (6 - -4). Let k(x) = -4*x - 31. Let u(g) = -6*g - 47. Let n(f) = -7*k(f) + 5*u(f). What are the prime factors of n(s)?
2, 3
Suppose 0 = 3*q + 74 - 2. Let r be 32/q*6/(-4). Let y = r - 0. What are the prime factors of y?
2
Suppose -4*y - 40 = y. Let z(x) = x**2 + 7*x + 9. Let c be z(y). Let l = 23 - c. What are the prime factors of l?
2, 3
What are the prime factors of 2658 + ((-594)/(-88) - 1/(-4))?
5, 13, 41
Suppose w + 1405 = 2*g, 4 = 2*w + 6. What are the prime factors of g?
2, 3, 13
Suppose -9*s = -7*s - c - 1124, 0 = -3*s + 4*c + 1696. List the prime factors of s.
2, 5, 7
Let c(k) be the second derivative of -k**5/20 - k**4/3 + 2*k**3/3 - 2*k**2 - 8*k. List the prime factors of c(-6).
2, 11
Let b = -68 + 34. What are the prime factors of (b + 4 - -4)*-1?
2, 13
List the prime factors of 2206 + (-3 - 2 - -12).
2213
Let z = -18 - -34. Suppose 2*h + 8 = -2*d + 6*d, 0 = 4*h + z. Let w(m) = m**2 + m + 46. List the prime factors of w(d).
2, 23
Suppose 0 = 2*i + 5*r - 4, 5*r - 8 = 2. What are the prime factors of (52/(-8))/((i + 0)/66)?
11, 13
Let q = 144 - 34. Suppose 4*g = -5*i - 88, -5*i + 0*i + q = -5*g. Let c = g + 35. List the prime factors of c.
13
Let h(q) = 2*q**3 + 9*q**2 - 5*q + 3. Let v be h(-5). Suppose -2*x = -v*x. Suppose -5*o + 30 = -x*o. What are the prime factors of o?
2, 3
Suppose -406 = -3*d + 2*k, 0 = -k - 5 - 0. Let c = 106 - 35. Let v = d - c. What are the prime factors of v?
61
Let a(c) = -3*c - 8. Let k be a(-4). Suppose -2*z + k*m + 148 = 0, 3*z = -z + 5*m + 281. What are the prime factors of z?
2
Let h(p) = -p**2 - 11*p + 13*p - 4 + 17*p. What are the prime factors of h(18)?
2, 7
Suppose b + 527 = 3*c - 540, -5*b + 1429 = 4*c. What are the prime factors of c/18 - (-32)/144?
2, 5
Let g = 1333 - 793. List the prime factors of g.
2, 3, 5
Let i(h) = -46*h. Let f = 57 - 59. What are the prime factors of i(f)?
2, 23
Suppose -5*c = 3*b - 7 - 28, -2*c + 13 = b. Let a(p) = p**3 + 4*p**2 - 7*p - 7. Let g be a(-5). Suppose -40 = g*d - b*d. List the prime factors of d.
2, 5
Let b be -3 + 1 - (16 + -29). Suppose -b*k = 1785 - 4535. What are the prime factors of k?
2, 5
Let y be 2*3 + (-10)/5. Suppose 19 = y*h + 3*t, 0 = 4*h + h - 2*t - 18. Suppose h*z - 83 = -v, -v + 0*v - 43 = -2*z. List the prime factors of z.
3, 7
Let m(k) = -k**3 + 4*k**2 + 2. Let s be m(